{"id":1324,"date":"2018-03-13T01:13:47","date_gmt":"2018-03-13T00:13:47","guid":{"rendered":"http:\/\/www.cinematurc.com\/festival\/paris\/2021\/?page_id=1324"},"modified":"2021-09-08T15:40:10","modified_gmt":"2021-09-08T14:40:10","slug":"invisible-a-l-oeil-nu_02","status":"publish","type":"page","link":"https:\/\/www.cinematurc.com\/festival\/paris\/2021\/agenda\/25-samedi\/invisible-a-l-oeil-nu_02\/","title":{"rendered":"INVISIBLE \u00c0 L&rsquo;OEIL NU (AH G\u00d6ZEL ISTANBUL) *"},"content":{"rendered":"<div class=\"kvgmc6g5 cxmmr5t8 oygrvhab hcukyx3x c1et5uql\">de Zeynep Dadak<br \/>\nTurquie, 2020 \u2013 85&prime; \u2013 VOST<\/div>\n<div class=\"o9v6fnle cxmmr5t8 oygrvhab hcukyx3x c1et5uql\">Inspir\u00e9 du livre de voyage \u00e9crit par l&rsquo;intellectuel arm\u00e9nien Eremya \u00c7elebi K\u00f6m\u00fcrciyan, n\u00e9 \u00e0 Istanbul, au XVIIe si\u00e8cle, Ah G\u00f6zel Istanbul retrace le parcours de trois cents ans de K\u00f6m\u00fcrciyan dans l&rsquo;Istanbul d&rsquo;aujourd&rsquo;hui.<\/div>\n<div class=\"o9v6fnle cxmmr5t8 oygrvhab hcukyx3x c1et5uql\">Projection organis\u00e9e en partenariat avec l&rsquo;Union Culturelle Fran\u00e7aise des Arm\u00e9niens de France (UCFAF ) et le Collectif du R\u00eave Commun, en pr\u00e9sence de la r\u00e9alisatrice Zeynep Dadak.<\/div>\n","protected":false},"excerpt":{"rendered":"<p>de Zeynep Dadak Turquie, 2020 \u2013 85&prime; \u2013 VOST Inspir\u00e9 du livre de voyage \u00e9crit par l&rsquo;intellectuel arm\u00e9nien Eremya \u00c7elebi K\u00f6m\u00fcrciyan, n\u00e9 \u00e0 Istanbul, au XVIIe si\u00e8cle, Ah G\u00f6zel Istanbul retrace le parcours de trois cents ans de K\u00f6m\u00fcrciyan dans l&rsquo;Istanbul d&rsquo;aujourd&rsquo;hui. Projection organis\u00e9e en partenariat avec l&rsquo;Union Culturelle Fran\u00e7aise des Arm\u00e9niens de France (UCFAF&hellip;<\/p>\n","protected":false},"author":170,"featured_media":1812,"parent":789,"menu_order":1,"comment_status":"closed","ping_status":"closed","template":"template.event.php","meta":[],"_links":{"self":[{"href":"https:\/\/www.cinematurc.com\/festival\/paris\/2021\/wp-json\/wp\/v2\/pages\/1324"}],"collection":[{"href":"https:\/\/www.cinematurc.com\/festival\/paris\/2021\/wp-json\/wp\/v2\/pages"}],"about":[{"href":"https:\/\/www.cinematurc.com\/festival\/paris\/2021\/wp-json\/wp\/v2\/types\/page"}],"author":[{"embeddable":true,"href":"https:\/\/www.cinematurc.com\/festival\/paris\/2021\/wp-json\/wp\/v2\/users\/170"}],"replies":[{"embeddable":true,"href":"https:\/\/www.cinematurc.com\/festival\/paris\/2021\/wp-json\/wp\/v2\/comments?post=1324"}],"version-history":[{"count":1,"href":"https:\/\/www.cinematurc.com\/festival\/paris\/2021\/wp-json\/wp\/v2\/pages\/1324\/revisions"}],"predecessor-version":[{"id":2158,"href":"https:\/\/www.cinematurc.com\/festival\/paris\/2021\/wp-json\/wp\/v2\/pages\/1324\/revisions\/2158"}],"up":[{"embeddable":true,"href":"https:\/\/www.cinematurc.com\/festival\/paris\/2021\/wp-json\/wp\/v2\/pages\/789"}],"wp:featuredmedia":[{"embeddable":true,"href":"https:\/\/www.cinematurc.com\/festival\/paris\/2021\/wp-json\/wp\/v2\/media\/1812"}],"wp:attachment":[{"href":"https:\/\/www.cinematurc.com\/festival\/paris\/2021\/wp-json\/wp\/v2\/media?parent=1324"}],"curies":[{"name":"wp","href":"https:\/\/api.w.org\/{rel}","templated":true}]}}