{"id":166,"date":"2014-07-21T19:21:45","date_gmt":"2014-07-21T18:21:45","guid":{"rendered":"http:\/\/www.gavick.com\/demo\/wordpress\/events\/?page_id=166"},"modified":"2021-09-02T07:20:51","modified_gmt":"2021-09-02T06:20:51","slug":"cinema-odyssee","status":"publish","type":"page","link":"https:\/\/www.cinematurc.com\/festival\/paris\/2021\/partenaires\/cinema-odyssee\/","title":{"rendered":"Cin\u00e9ma Odyss\u00e9e"},"content":{"rendered":"<div class=\"gmail_default\">L&rsquo;Odyss\u00e9e \u00e0 Strasbourg, c&rsquo;est :<br \/>\nLe cin\u00e9ma de la diversit\u00e9 culturelle ;<br \/>\nLe carrefour des cin\u00e9mas d&rsquo;Europe ;<br \/>\nLa Maison des cin\u00e9mas du monde ;<br \/>\nL&rsquo;aventure de la d\u00e9couverte et de la m\u00e9moire du 7e art ;<br \/>\nLe partenariat avec de nombreuses associations pour de multiples d\u00e9bats citoyens ;<br \/>\nL&rsquo;Odyss\u00e9e une certaine passion du cin\u00e9ma,<br \/>\nLa passion du cin\u00e9ma autrement !<br \/>\nL&rsquo;Odyss\u00e9e joue un r\u00f4le tr\u00e8s important pour des publics tr\u00e8s divers : cin\u00e9philes en tous genres curieux de voir le film rare, enseignants faisant d\u00e9couvrir des classiques du cin\u00e9ma \u00e0 leurs \u00e9l\u00e8ves, \u00e9tudiants des divers cin\u00e9-clubs ou encore fanas press\u00e9s venus pour le plaisir de saisir des images anim\u00e9es au travers des vitres du caf\u00e9.<\/div>\n","protected":false},"excerpt":{"rendered":"<p>L&rsquo;Odyss\u00e9e \u00e0 Strasbourg, c&rsquo;est : Le cin\u00e9ma de la diversit\u00e9 culturelle ; Le carrefour des cin\u00e9mas d&rsquo;Europe ; La Maison des cin\u00e9mas du monde ; L&rsquo;aventure de la d\u00e9couverte et de la m\u00e9moire du 7e art ; Le partenariat avec de nombreuses associations pour de multiples d\u00e9bats citoyens ; L&rsquo;Odyss\u00e9e une certaine passion du cin\u00e9ma,&hellip;<\/p>\n","protected":false},"author":170,"featured_media":1975,"parent":77,"menu_order":2,"comment_status":"closed","ping_status":"closed","template":"template.sponsor.php","meta":[],"_links":{"self":[{"href":"https:\/\/www.cinematurc.com\/festival\/paris\/2021\/wp-json\/wp\/v2\/pages\/166"}],"collection":[{"href":"https:\/\/www.cinematurc.com\/festival\/paris\/2021\/wp-json\/wp\/v2\/pages"}],"about":[{"href":"https:\/\/www.cinematurc.com\/festival\/paris\/2021\/wp-json\/wp\/v2\/types\/page"}],"author":[{"embeddable":true,"href":"https:\/\/www.cinematurc.com\/festival\/paris\/2021\/wp-json\/wp\/v2\/users\/170"}],"replies":[{"embeddable":true,"href":"https:\/\/www.cinematurc.com\/festival\/paris\/2021\/wp-json\/wp\/v2\/comments?post=166"}],"version-history":[{"count":0,"href":"https:\/\/www.cinematurc.com\/festival\/paris\/2021\/wp-json\/wp\/v2\/pages\/166\/revisions"}],"up":[{"embeddable":true,"href":"https:\/\/www.cinematurc.com\/festival\/paris\/2021\/wp-json\/wp\/v2\/pages\/77"}],"wp:featuredmedia":[{"embeddable":true,"href":"https:\/\/www.cinematurc.com\/festival\/paris\/2021\/wp-json\/wp\/v2\/media\/1975"}],"wp:attachment":[{"href":"https:\/\/www.cinematurc.com\/festival\/paris\/2021\/wp-json\/wp\/v2\/media?parent=166"}],"curies":[{"name":"wp","href":"https:\/\/api.w.org\/{rel}","templated":true}]}}