{"id":599,"date":"2015-03-02T18:21:48","date_gmt":"2015-03-02T17:21:48","guid":{"rendered":"http:\/\/www.cinematurc.com\/festival\/paris\/2021\/?page_id=599"},"modified":"2021-09-08T15:50:16","modified_gmt":"2021-09-08T14:50:16","slug":"hayaletler_01","status":"publish","type":"page","link":"https:\/\/www.cinematurc.com\/festival\/paris\/2021\/agenda\/24-vendredi\/hayaletler_01\/","title":{"rendered":"LES FANT\u00d4MES (Hayaletler)*"},"content":{"rendered":"<div class=\"kvgmc6g5 cxmmr5t8 oygrvhab hcukyx3x c1et5uql\">de Azra Deniz Okyay<br \/>\nAvec Nalan Kuru\u00e7im, Beril Kayar, Emrah \u00d6zdemir et \u0130layda G\u00fcne\u015f<br \/>\nTurquie, 2016 \u2013 1h45 &#8211; VOST<\/div>\n<div class=\"o9v6fnle cxmmr5t8 oygrvhab hcukyx3x c1et5uql\">Le film raconte l&rsquo;histoire de quatre personnes dont les chemins se sont crois\u00e9s le jour o\u00f9 une panne d&rsquo;\u00e9lectricit\u00e9 majeure a eu lieu dans le pays.<\/div>\n<div class=\"o9v6fnle cxmmr5t8 oygrvhab hcukyx3x c1et5uql\">Le long m\u00e9trage d\u00e9crit un portrait dystopique de la Turquie actuelle \u00e0 propos de ces quatre personnages qui se retrouvent au coeur du processus de r\u00e9novation urbaine. Une m\u00e8re dont le fils est en prison, une jeune danseuse, une artiste f\u00e9ministe et un jeune homme vont se rencontrer autour d&rsquo;un deal de drogue.<\/div>\n<div class=\"o9v6fnle cxmmr5t8 oygrvhab hcukyx3x c1et5uql\">* Projection sp\u00e9ciale en pr\u00e9sence, par vid\u00e9oconf\u00e9rence, de la r\u00e9alisatrice Azra Deniz Okyay<\/div>\n","protected":false},"excerpt":{"rendered":"<p>de Azra Deniz Okyay Avec Nalan Kuru\u00e7im, Beril Kayar, Emrah \u00d6zdemir et \u0130layda G\u00fcne\u015f Turquie, 2016 \u2013 1h45 &#8211; VOST Le film raconte l&rsquo;histoire de quatre personnes dont les chemins se sont crois\u00e9s le jour o\u00f9 une panne d&rsquo;\u00e9lectricit\u00e9 majeure a eu lieu dans le pays. Le long m\u00e9trage d\u00e9crit un portrait dystopique de la&hellip;<\/p>\n","protected":false},"author":170,"featured_media":1842,"parent":784,"menu_order":2,"comment_status":"closed","ping_status":"closed","template":"template.event.php","meta":[],"_links":{"self":[{"href":"https:\/\/www.cinematurc.com\/festival\/paris\/2021\/wp-json\/wp\/v2\/pages\/599"}],"collection":[{"href":"https:\/\/www.cinematurc.com\/festival\/paris\/2021\/wp-json\/wp\/v2\/pages"}],"about":[{"href":"https:\/\/www.cinematurc.com\/festival\/paris\/2021\/wp-json\/wp\/v2\/types\/page"}],"author":[{"embeddable":true,"href":"https:\/\/www.cinematurc.com\/festival\/paris\/2021\/wp-json\/wp\/v2\/users\/170"}],"replies":[{"embeddable":true,"href":"https:\/\/www.cinematurc.com\/festival\/paris\/2021\/wp-json\/wp\/v2\/comments?post=599"}],"version-history":[{"count":1,"href":"https:\/\/www.cinematurc.com\/festival\/paris\/2021\/wp-json\/wp\/v2\/pages\/599\/revisions"}],"predecessor-version":[{"id":2169,"href":"https:\/\/www.cinematurc.com\/festival\/paris\/2021\/wp-json\/wp\/v2\/pages\/599\/revisions\/2169"}],"up":[{"embeddable":true,"href":"https:\/\/www.cinematurc.com\/festival\/paris\/2021\/wp-json\/wp\/v2\/pages\/784"}],"wp:featuredmedia":[{"embeddable":true,"href":"https:\/\/www.cinematurc.com\/festival\/paris\/2021\/wp-json\/wp\/v2\/media\/1842"}],"wp:attachment":[{"href":"https:\/\/www.cinematurc.com\/festival\/paris\/2021\/wp-json\/wp\/v2\/media?parent=599"}],"curies":[{"name":"wp","href":"https:\/\/api.w.org\/{rel}","templated":true}]}}