{"id":614,"date":"2015-03-02T18:27:37","date_gmt":"2015-03-02T17:27:37","guid":{"rendered":"http:\/\/www.cinematurc.com\/festival\/paris\/2021\/?page_id=614"},"modified":"2021-09-08T15:40:45","modified_gmt":"2021-09-08T14:40:45","slug":"invisible-a-l-oeil-nu_01","status":"publish","type":"page","link":"https:\/\/www.cinematurc.com\/festival\/paris\/2021\/agenda\/31-samedi\/invisible-a-l-oeil-nu_01\/","title":{"rendered":"INVISIBLE \u00c0 L&rsquo;OEIL NU (AH G\u00d6ZEL ISTANBUL)"},"content":{"rendered":"<div class=\"kvgmc6g5 cxmmr5t8 oygrvhab hcukyx3x c1et5uql\">de Zeynep Dadak<br \/>Turquie, 2020 \u2013 85&prime; \u2013 VOST<\/div>\r\n<div class=\"o9v6fnle cxmmr5t8 oygrvhab hcukyx3x c1et5uql\">Inspir\u00e9 du livre de voyage \u00e9crit par l&rsquo;intellectuel arm\u00e9nien Eremya \u00c7elebi K\u00f6m\u00fcrciyan, n\u00e9 \u00e0 Istanbul, au XVIIe si\u00e8cle, Ah G\u00f6zel Istanbul retrace le parcours de trois cents ans de K\u00f6m\u00fcrciyan dans l&rsquo;Istanbul d&rsquo;aujourd&rsquo;hui.<\/div>\r\n<div class=\"o9v6fnle cxmmr5t8 oygrvhab hcukyx3x c1et5uql\">\u00a0<\/div>\r\n\r\n<p>&nbsp;<\/p>\r\n","protected":false},"excerpt":{"rendered":"<p>de Zeynep DadakTurquie, 2020 \u2013 85&prime; \u2013 VOST Inspir\u00e9 du livre de voyage \u00e9crit par l&rsquo;intellectuel arm\u00e9nien Eremya \u00c7elebi K\u00f6m\u00fcrciyan, n\u00e9 \u00e0 Istanbul, au XVIIe si\u00e8cle, Ah G\u00f6zel Istanbul retrace le parcours de trois cents ans de K\u00f6m\u00fcrciyan dans l&rsquo;Istanbul d&rsquo;aujourd&rsquo;hui. \u00a0 &nbsp;&hellip;<\/p>\n","protected":false},"author":170,"featured_media":1812,"parent":107,"menu_order":1,"comment_status":"closed","ping_status":"closed","template":"template.event.php","meta":[],"_links":{"self":[{"href":"https:\/\/www.cinematurc.com\/festival\/paris\/2021\/wp-json\/wp\/v2\/pages\/614"}],"collection":[{"href":"https:\/\/www.cinematurc.com\/festival\/paris\/2021\/wp-json\/wp\/v2\/pages"}],"about":[{"href":"https:\/\/www.cinematurc.com\/festival\/paris\/2021\/wp-json\/wp\/v2\/types\/page"}],"author":[{"embeddable":true,"href":"https:\/\/www.cinematurc.com\/festival\/paris\/2021\/wp-json\/wp\/v2\/users\/170"}],"replies":[{"embeddable":true,"href":"https:\/\/www.cinematurc.com\/festival\/paris\/2021\/wp-json\/wp\/v2\/comments?post=614"}],"version-history":[{"count":1,"href":"https:\/\/www.cinematurc.com\/festival\/paris\/2021\/wp-json\/wp\/v2\/pages\/614\/revisions"}],"predecessor-version":[{"id":2159,"href":"https:\/\/www.cinematurc.com\/festival\/paris\/2021\/wp-json\/wp\/v2\/pages\/614\/revisions\/2159"}],"up":[{"embeddable":true,"href":"https:\/\/www.cinematurc.com\/festival\/paris\/2021\/wp-json\/wp\/v2\/pages\/107"}],"wp:featuredmedia":[{"embeddable":true,"href":"https:\/\/www.cinematurc.com\/festival\/paris\/2021\/wp-json\/wp\/v2\/media\/1812"}],"wp:attachment":[{"href":"https:\/\/www.cinematurc.com\/festival\/paris\/2021\/wp-json\/wp\/v2\/media?parent=614"}],"curies":[{"name":"wp","href":"https:\/\/api.w.org\/{rel}","templated":true}]}}