{"id":2548,"date":"2023-03-09T15:53:40","date_gmt":"2023-03-09T14:53:40","guid":{"rendered":"https:\/\/www.cinematurc.com\/festival\/paris\/2023\/?page_id=2548"},"modified":"2023-03-14T13:41:59","modified_gmt":"2023-03-14T12:41:59","slug":"vatansiz","status":"publish","type":"page","link":"https:\/\/www.cinematurc.com\/festival\/paris\/2023\/agenda\/09-dimanche\/vatansiz\/","title":{"rendered":"Vatansiz (Apatrides)*"},"content":{"rendered":"<p><span style=\"font-weight: 400;\">VATANSIZ (APATRIDES)<br \/>\n<\/span><span style=\"font-weight: 400;\">De Esra Y\u0131ld\u0131z<br \/>\n<\/span><span style=\"font-weight: 400;\">Turquie, 2021 &#8211; 1h01\u2019, VO en turc et en fran\u00e7ais STF<\/span><\/p>\n<p><span style=\"font-weight: 400;\">Documentaire<\/span><\/p>\n<p><span style=\"font-weight: 400;\">Apatrides raconte l&rsquo;histoire de deux journalistes dissidents, Dogan \u00d6zg\u00fcden et Inci Tugsavul \u00d6zg\u00fcden, qui ont \u00e9t\u00e9 forc\u00e9s de quitter la Turquie apr\u00e8s le coup d&rsquo;Etat militaire du 12 mars 1971 et dont la nationalit\u00e9 a \u00e9t\u00e9 r\u00e9voqu\u00e9e en 1982. Le documentaire raconte leur vie en exil \u00e0 Bruxelles depuis 1974, en gardant leur vision d&rsquo;un monde lib\u00e9r\u00e9 des id\u00e9ologies discriminatoires au sein du centre multiculturel \u00e9ducatif Atelier du Soleil qu&rsquo;ils ont fond\u00e9.<br \/>\n<\/span><span style=\"font-weight: 400;\"><br \/>\n<\/span><\/p>\n","protected":false},"excerpt":{"rendered":"<p>VATANSIZ (APATRIDES) De Esra Y\u0131ld\u0131z Turquie, 2021 &#8211; 1h01\u2019, VO en turc et en fran\u00e7ais STF Documentaire Apatrides raconte l&rsquo;histoire de deux journalistes dissidents, Dogan \u00d6zg\u00fcden et Inci Tugsavul \u00d6zg\u00fcden, qui ont \u00e9t\u00e9 forc\u00e9s de quitter la Turquie apr\u00e8s le coup d&rsquo;Etat militaire du 12 mars 1971 et dont la nationalit\u00e9 a \u00e9t\u00e9 r\u00e9voqu\u00e9e en&hellip;<\/p>\n","protected":false},"author":171,"featured_media":2577,"parent":799,"menu_order":2,"comment_status":"closed","ping_status":"closed","template":"template.event.php","meta":[],"_links":{"self":[{"href":"https:\/\/www.cinematurc.com\/festival\/paris\/2023\/wp-json\/wp\/v2\/pages\/2548"}],"collection":[{"href":"https:\/\/www.cinematurc.com\/festival\/paris\/2023\/wp-json\/wp\/v2\/pages"}],"about":[{"href":"https:\/\/www.cinematurc.com\/festival\/paris\/2023\/wp-json\/wp\/v2\/types\/page"}],"author":[{"embeddable":true,"href":"https:\/\/www.cinematurc.com\/festival\/paris\/2023\/wp-json\/wp\/v2\/users\/171"}],"replies":[{"embeddable":true,"href":"https:\/\/www.cinematurc.com\/festival\/paris\/2023\/wp-json\/wp\/v2\/comments?post=2548"}],"version-history":[{"count":5,"href":"https:\/\/www.cinematurc.com\/festival\/paris\/2023\/wp-json\/wp\/v2\/pages\/2548\/revisions"}],"predecessor-version":[{"id":2587,"href":"https:\/\/www.cinematurc.com\/festival\/paris\/2023\/wp-json\/wp\/v2\/pages\/2548\/revisions\/2587"}],"up":[{"embeddable":true,"href":"https:\/\/www.cinematurc.com\/festival\/paris\/2023\/wp-json\/wp\/v2\/pages\/799"}],"wp:featuredmedia":[{"embeddable":true,"href":"https:\/\/www.cinematurc.com\/festival\/paris\/2023\/wp-json\/wp\/v2\/media\/2577"}],"wp:attachment":[{"href":"https:\/\/www.cinematurc.com\/festival\/paris\/2023\/wp-json\/wp\/v2\/media?parent=2548"}],"curies":[{"name":"wp","href":"https:\/\/api.w.org\/{rel}","templated":true}]}}