{"id":599,"date":"2015-03-02T18:21:48","date_gmt":"2015-03-02T17:21:48","guid":{"rendered":"https:\/\/www.cinematurc.com\/festival\/paris\/2023\/?page_id=599"},"modified":"2023-03-14T14:55:38","modified_gmt":"2023-03-14T13:55:38","slug":"karanlik-gece-nuit-noire-en-anatolie","status":"publish","type":"page","link":"https:\/\/www.cinematurc.com\/festival\/paris\/2023\/agenda\/07-vendredi\/karanlik-gece-nuit-noire-en-anatolie\/","title":{"rendered":"Karanlik Gece (Nuit Noire en Anatolie)"},"content":{"rendered":"<div class=\"kvgmc6g5 cxmmr5t8 oygrvhab hcukyx3x c1et5uql\">\n<div class=\"kvgmc6g5 cxmmr5t8 oygrvhab hcukyx3x c1et5uql\">\n<p>De \u00d6zcan Alper<br \/>\nTurquie, France, Allemagne 2022 &#8211; 1h54\u2019 &#8211; VO en turc STF<\/p>\n<p>Fiction<\/p>\n<p>Ishak est un homme qui vit seul dans la province d&rsquo;Anatolie et gagne sa vie en jouant du luth dans une bo\u00eete de nuit. Une nuit, il re\u00e7oit un appel t\u00e9l\u00e9phonique urgent de son village, qu&rsquo;il a \u00e9t\u00e9 forc\u00e9 de quitter, l&rsquo;informant que sa m\u00e8re est tr\u00e8s malade. De retour dans son village avec toutes sortes de questions en t\u00eate, Ishak est confront\u00e9 aux normes rigides et \u00e0 l\u2019hostilit\u00e9 des villageois, ainsi qu\u2019\u00e0 son propre pass\u00e9.<\/p>\n<\/div>\n<\/div>\n","protected":false},"excerpt":{"rendered":"<p>De \u00d6zcan Alper Turquie, France, Allemagne 2022 &#8211; 1h54\u2019 &#8211; VO en turc STF Fiction Ishak est un homme qui vit seul dans la province d&rsquo;Anatolie et gagne sa vie en jouant du luth dans une bo\u00eete de nuit. Une nuit, il re\u00e7oit un appel t\u00e9l\u00e9phonique urgent de son village, qu&rsquo;il a \u00e9t\u00e9 forc\u00e9 de&hellip;<\/p>\n","protected":false},"author":170,"featured_media":2524,"parent":784,"menu_order":0,"comment_status":"closed","ping_status":"closed","template":"template.event.php","meta":[],"_links":{"self":[{"href":"https:\/\/www.cinematurc.com\/festival\/paris\/2023\/wp-json\/wp\/v2\/pages\/599"}],"collection":[{"href":"https:\/\/www.cinematurc.com\/festival\/paris\/2023\/wp-json\/wp\/v2\/pages"}],"about":[{"href":"https:\/\/www.cinematurc.com\/festival\/paris\/2023\/wp-json\/wp\/v2\/types\/page"}],"author":[{"embeddable":true,"href":"https:\/\/www.cinematurc.com\/festival\/paris\/2023\/wp-json\/wp\/v2\/users\/170"}],"replies":[{"embeddable":true,"href":"https:\/\/www.cinematurc.com\/festival\/paris\/2023\/wp-json\/wp\/v2\/comments?post=599"}],"version-history":[{"count":2,"href":"https:\/\/www.cinematurc.com\/festival\/paris\/2023\/wp-json\/wp\/v2\/pages\/599\/revisions"}],"predecessor-version":[{"id":2532,"href":"https:\/\/www.cinematurc.com\/festival\/paris\/2023\/wp-json\/wp\/v2\/pages\/599\/revisions\/2532"}],"up":[{"embeddable":true,"href":"https:\/\/www.cinematurc.com\/festival\/paris\/2023\/wp-json\/wp\/v2\/pages\/784"}],"wp:featuredmedia":[{"embeddable":true,"href":"https:\/\/www.cinematurc.com\/festival\/paris\/2023\/wp-json\/wp\/v2\/media\/2524"}],"wp:attachment":[{"href":"https:\/\/www.cinematurc.com\/festival\/paris\/2023\/wp-json\/wp\/v2\/media?parent=599"}],"curies":[{"name":"wp","href":"https:\/\/api.w.org\/{rel}","templated":true}]}}